(6).
2
Let c(j) = 6*j - 16. Determine c(4).
8
Let b(k) = -11*k + 247. Give b(23).
-6
Let g(w) = 2*w**2 - 2*w. Give g(1).
0
Let f(s) = -s**2 - 2*s + 2. What is f(-2)?
2
Let k(i) = -2*i**2 - i. Calculate k(-2).
-6
Let q(u) = -4*u - 28. Give q(-17).
40
Let l(x) = -x**3 - 2*x**2 + 3*x + 4. What is l(-3)?
4
Let t(j) = -j**3 + 28*j**2 - 30*j + 76. What is t(27)?
-5
Let f(k) = k - 9. Determine f(0).
-9
Let w(a) = -9*a + 45. Determine w(10).
-45
Let y(s) = 4*s**2 - 2*s + 9. Determine y(0).
9
Let h(b) = 4*b**2 - b. What is h(1)?
3
Let s(i) = 8*i + 6. Determine s(-1).
-2
Let u(z) = -z**2 + 10*z - 12. Calculate u(6).
12
Let p(r) = -3*r**2 + 5*r + 3. What is p(3)?
-9
Let z(g) = g**2 + 4*g - 6. What is z(-4)?
-6
Let l(d) = 2*d + 7. What is l(-5)?
-3
Let d(y) = -y**2 - 4*y + 7. Determine d(4).
-25
Let t(u) = -u**2 + 21*u - 18. Give t(20).
2
Let h(d) = -17*d - 6. What is h(-2)?
28
Let j(w) = -w**2 + 18*w + 212. Give j(26).
4
Let h(d) = -d - 30. Calculate h(10).
-40
Let g(a) = a - 9. Determine g(0).
-9
Let x(v) = -v**2 - 31*v + 24. Determine x(-32).
-8
Let b(y) = 5*y**3 + y**2 - 5*y + 3. Determine b(1).
4
Let f(k) = -k**3 - 5*k**2 + 5*k + 6. Give f(-5).
-19
Let r(x) = x**3 + 11*x**2 + x + 4. Calculate r(-11).
-7
Let g(p) = 14*p. Calculate g(2).
28
Let m(t) = t**2 + 11*t + 12. What is m(-2)?
-6
Let t(r) = -r**3 + 28*r**2 - 29*r + 62. Give t(27).
8
Let z(h) = h**2 + 7*h - 3. Calculate z(-6).
-9
Let c(v) = v**2 + 26*v - 52. Calculate c(-28).
4
Let p(x) = -2*x**2 - 2*x - 2. Give p(-4).
-26
Let j(b) = -b**3 + 2*b**2 + 140. Determine j(0).
140
Let j(p) = p**3 - 8*p**2 + 3*p - 16. What is j(8)?
8
Let j(m) = m - 24. Calculate j(16).
-8
Let c(y) = -y**3 - 3*y**2 - 4*y - 3. Determine c(-3).
9
Let i(o) = -7*o - 96. Give i(-13).
-5
Let j(d) = 3*d**2 + 31*d + 6. Give j(-10).
-4
Let t(m) = m**3 - 6*m**2 - 12*m - 21. What is t(8)?
11
Let y(n) = -3*n + 68. What is y(17)?
17
Let i(w) = -w**3 - 7*w**2 + 8*w + 12. Give i(-8).
12
Let u(q) = -q**3 - 10*q**2 + 10*q - 21. Calculate u(-11).
-10
Let d(u) = -u**3 - 10*u**2 - 16*u + 44. Determine d(-7).
9
Let i(m) = 8*m + 6. Calculate i(-2).
-10
Let u(k) = k**2 + 2*k + 3. Calculate u(-2).
3
Let h(k) = -2*k**3 + 13*k**2 - 15*k + 5. Calculate h(5).
5
Let z(c) = 8*c + 29. Calculate z(-11).
-59
Let n(o) = -2*o + 2. Give n(4).
-6
Let k(u) = u**3 - u - 71. Determine k(0).
-71
Let y(j) = 3*j**2 - 11*j + 7. Calculate y(5).
27
Let g(j) = -j**2 - 8*j + 21. What is g(-11)?
-12
Let u(n) = n**3 + 3*n + 2. Give u(0).
2
Let g(u) = -2*u - 3. What is g(-19)?
35
Let b(g) = 4*g - 15. What is b(15)?
45
Let m(p) = 18*p**2 - 2*p + 1. Give m(1).
17
Let x(z) = z**3 + 7*z**2 + 8*z + 4. Determine x(-6).
-8
Let s(k) = 4*k + 60. Give s(3).
72
Let w(o) = -21*o - 63. Calculate w(-5).
42
Let m(t) = t**3 + 3*t**2 - 6*t - 5. Determine m(-4).
3
Let k(j) = 2*j**2 + 27*j + 26. What is k(-12)?
-10
Let k(x) = 2*x**3 - 6*x**2 + 6*x - 7. Give k(3).
11
Let u(r) = r**2 - 14*r - 18. Give u(13).
-31
Let k(n) = 2*n - 8. Determine k(6).
4
Let t(u) = 20*u + 47. Calculate t(6).
167
Let y(q) = -q**3 - 12*q**2 - 13*q - 25. Determine y(-11).
-3
Let c(f) = f + 2. Give c(-3).
-1
Let h(b) = 2*b**3 - 5*b**2 + 2*b. What is h(3)?
15
Let d(k) = 4*k - 10. What is d(6)?
14
Let i(p) = 6*p + 225. Determine i(-36).
9
Let l(p) = 2*p + 41. Give l(-21).
-1
Let m(h) = -h**3 - 8*h**2 + 3*h + 11. What is m(-8)?
-13
Let r(z) = z**2 - z + 13. What is r(-4)?
33
Let m(r) = r**3 - 4*r**2 - 4*r + 3. What is m(4)?
-13
Let j(v) = -v**3 - 4*v**2 + 5*v + 5. Give j(-5).
5
Let h(w) = -w**3 - 6*w**2 + 15*w + 12. Calculate h(-7).
-44
Let x(t) = t**2 - 7*t - 33. Give x(11).
11
Let f(l) = -l**3 - 10*l**2 - 5. Give f(-10).
-5
Let h(s) = 3*s + 6. Calculate h(-2).
0
Let y(c) = -c**3 + 9*c**2 - 14*c + 45. What is y(8)?
-3
Let m(c) = 44*c + 1. Give m(-1).
-43
Let q(h) = 2*h + 17. What is q(-15)?
-13
Let o(w) = 2*w**2 + 22*w - 73. Give o(3).
11
Let b(r) = r + 21. Calculate b(-27).
-6
Let q(h) = h**3 - 11*h**2 + 10*h - 12. What is q(10)?
-12
Let l(o) = o**3 + 14*o**2 + 24*o + 4. Give l(-12).
4
Let j(c) = c**2 + 2*c. What is j(-2)?
0
Let r(j) = -2*j + 3. What is r(1)?
1
Let t(x) = 3*x**2 + 3*x + 3. Give t(-3).
21
Let d(m) = 9*m + 12. Determine d(-1).
3
Let o(s) = -s**3 - 2*s**2 + 4*s + 5. Calculate o(-5).
60
Let t(b) = b**2 + 6*b + 3. What is t(-5)?
-2
Let b(r) = 3*r + 79. Calculate b(-23).
10
Let f(z) = 4*z**2 + 2*z - 2. What is f(5)?
108
Let f(k) = k + 6. Determine f(10).
16
Let u(t) = -t**3 + 13*t**2 - 12*t + 5. Determine u(12).
5
Let l(m) = 2*m - 3. Give l(-9).
-21
Let w(q) = -2*q + 2. What is w(4)?
-6
Let i(n) = -n**3 - n**2 + 6*n - 7. Calculate i(2).
-7
Let s(u) = u**3 - 11*u**2 + u - 6. Calculate s(11).
5
Let n(v) = v**3 - 2*v**2 - 6*v - 13. Give n(4).
-5
Let w(s) = -s**2 - s - 3. Determine w(7).
-59
Let y(v) = 117*v + 460. What is y(-4)?
-8
Let c(f) = -30*f + 130. Give c(5).
-20
Let w(c) = -c**3 + 16*c**2 + 18*c - 22. What is w(17)?
-5
Let i(y) = -y**3 - 6*y**2 - 9*y + 1. Determine i(-4).
5
Let p(x) = 13*x**2 - 95*x + 24. What is p(7)?
-4
Let n(s) = -s**2 + 11*s + 20. Calculate n(11).
20
Let v(s) = -s**3 - 4*s**2 + 10*s + 13. Determine v(-6).
25
Let b(l) = -4*l + 5. What is b(6)?
-19
Let w(j) = -j**2 - 5*j - 1. What is w(0)?
-1
Let s(f) = f**3 + f - 3. Give s(0).
-3
Let j(w) = w**3 + 8*w**2 + 9*w + 1. Calculate j(-6).
19
Let o(v) = -14*v + 4. Give o(3).
-38
Let a(k) = 4*k + 4. Calculate a(5).
24
Let u(g) = g**3 + 7*g**2 - 20*g - 14. Calculate u(-9).
4
Let k(l) = 33*l + 151. What is k(-4)?
19
Let o(r) = -r**2 - 26*r + 27. Determine o(-27).
0
Let v(k) = k**2 + 5*k - 15. What is v(-7)?
-1
Let c(t) = -t - 17. Calculate c(-22).
5
Let y(x) = -17*x**2 - 4. What is y(-2)?
-72
Let h(r) = r**2 + 10*r + 19. What is h(-8)?
3
Let q(n) = -7*n + 62. Determine q(15).
-43
Let s(f) = -3*f**2 - 2*f + 5. What is s(0)?
5
Let f(d) = d**3 + 5*d**2 + 4*d + 5. What is f(-5)?
-15
Let w(p) = 4*p**2 + p - 42. Give w(6).
108
Let s(b) = -b**3 - 3*b**2 + 2*b - 3. What is s(-3)?
-9
Let r(n) = -5*n + 8. Give r(1).
3
Let p(l) = 7*l - 35. Calculate p(4).
-7
Let r(g) = 2*g**2 - g - 3. What is r(6)?
63
Let m(h) = h**2 - 5*h - 3. Calculate m(-3).
21
Let l(r) = -r**3 - 3*r**2 + 5*r + 3. What is l(-4)?
-1
Let h(f) = -f**3 - 5*f**2 - 8*f - 6. Give h(-4).
10
Let r(q) = -8*q**2 - 3*q - 4. Calculate r(-2).
-30
Let y(c) = -c**2 + 7*c + 53. Determine y(12).
-7
Let j(f) = 6*f + 115. What is j(-20)?
-5
Let w(y) = y**3 - 5*y**2 - y - 5. Calculate w(5).
-10
Let g(f) = 4*f**2 + 30*f + 14. Give g(-7).
0
Let g(p) = p**2 - 5*p + 1. What is g(0)?
1
Let u(w) = -37*w + 215. What is u(6)?
-7
Let n(m) = -12*m - 383. What is n(-31)?
-11
Let v(u) = u**3 + 42*u**2 + 154*u + 65. Determine v(-38).
-11
Let y(u) = u**2 - 3*u - 36. Give y(-6).
18
Let w(q) = -q**3 - 14*q**2 + 28*q - 20. Give w(-16).
44
Let i(r) = -r**3 - 3*r**2 + r + 4. Calculate i(-2).
-2
Let v(d) = -d**2 - 5*d - 22. Determine v(-6).
-28
Let d(r) = -37*r - 29. What is d(-1)?
8
Let j(g) = g - 14. Calculate j(22).
8
Let q(l) = -l**3 + 12*l**2 - 19*l - 7. Calculate q(10).
3
Let o(p) = -10*p + 14. Calculate o(3).
-16
Let z(b) = 9*b - 9. What is z(2)?
9
Let s(d) = 3*d**3 - 8*d**2 - d + 2. Determine s(4).
62
Let c(i) = 160*i - 337. Give c(2).
-17
Let w(a) = -8*a + 41. What is w(7)?
-15
Let i(c) = c**3 + 13*c**2 + 20*c - 22. Give i(-11).
0
Let f(i) = -i**3 - 4*i**2 + 2*i - 2. What is f(-4)?
-10
Let s(i) = i**3 - 13*i**2 - 14*i + 1. What is s(14)?
1
Let w(p) = -p - 20. Determine w(-7).
-13
Let a(i) = i**3 - 3*i**2 - 7*i - 22. What is a(5)?
-7
Let o(q) = 31*q - 4. What is o(3)?
89
Let j(s) = -s**3 + 12*s**2 - 13*s + 11. Calculate j(11).
-11
Let i(u) = u**3 - 16*u**2 - 3*u + 57. What is i(16)?
9
Let j(w) = 5*w**2 - w + 1. Determine j(2).
19
Let a(d) = d**3 + 8*d**2 - 3*d - 10. Determine a(-8).
14
Let q(d) = d**3 - 7*d**2 + 8*d - 3. Calculate q(6).
9
Let b(y) = -y - 7. Give b(7).
-14
Let u(r) = -r**3 + 4*r**2 + r - 6. What is u(3)?
6
Let k(z) = z**2 - 9*z + 4. What is k(7)?
-10
Let z(m) = -m**2 + 14*m - 15. Give z(11).
18
Let q(s) = 9*s**2 - 8. Give q(0).
-8
Let k(i) = 2*i**2 + 39*i + 16. Determine k(-19).
-3
Let u(h) = -h**3 + h**2 + 10*h - 2. Calculate u(4).
-10
Let u(r) = r**3 - 4*r**2 - 5*r + 2. Calculate u(4).
-18
Let u(l) = -96*l + 666. What is u(7)?
-6
Let r(z) = z - 35. Calculate r(9).
-26
Let n(j) = -j**3 + 7*j**2 